{"id":873,"date":"2017-05-09T18:24:44","date_gmt":"2017-05-09T16:24:44","guid":{"rendered":"https:\/\/www.johannes-rebmann-stiftung.de\/cms\/?page_id=873"},"modified":"2020-04-27T15:28:55","modified_gmt":"2020-04-27T13:28:55","slug":"zimmermann-gottlieb","status":"publish","type":"page","link":"https:\/\/www.johannes-rebmann-stiftung.de\/cms\/missionare-aus-gerlingen\/erste-missionare\/zimmermann-gottlieb\/","title":{"rendered":"Zimmermann, Gottlieb"},"content":{"rendered":"<p><img loading=\"lazy\" decoding=\"async\" class=\"alignnone size-full wp-image-874\" src=\"https:\/\/www.johannes-rebmann-stiftung.de\/cms\/wp-content\/uploads\/2017\/05\/zimmermann_g.gif\" alt=\"\" width=\"170\" height=\"196\"><\/p>\n<p>Gottlieb Zimmermann, Sohn von Georg Elias Zimmermann und dessen Frau Dorothea, geb. Ortlieb, wird 1876 in Gerlingen geboren - im selben Jahr, in dem <a href=\"https:\/\/www.johannes-rebmann-stiftung.de\/cms\/missionare-aus-gerlingen\/johannes-zimmermann\/\">Johannes Zimmermann<\/a> stirbt. Die beiden sind nicht direkt verwandt, haben aber gemeinsame Vorfahren und eine Gemeinsamkeit in der Biografie: Beide werden f\u00fcr die Goldk\u00fcste bestimmt und beide arbeiten auf der Missionsstation Akropong. Ein Jahr nach seiner Konfirmation beginnt Gottlieb Zimmermann seine Lehre bei Schneidermeister Maisch, einem frommen Meister, der - wie auch seine Eltern - der Evangelischen Gemeinschaft angeh\u00f6rt.<\/p>\n<p>1896 beginnt er seine Ausbildung in Basel, die er 1903 abschliesst. Seine erste Station an der Goldk\u00fcste wird von 1904 bis 1905 Akropong: \"Musste ... eine Schule mit 100 Jungens \u00fcbernehmen, was f\u00fcr den Neuling nicht so ganz leicht ist.\"<br \/>\nVon 1905 bis 1906 ist Gottlieb Zimmermann in Kumase. Von dort schreibt er: \"Mampong, meine neue Station, ist zwei Tage n\u00f6rlich von Kumase, und ich bin somit dann ganz von der \u00fcbrigen zivilisierten Welt abgeschlossen. Zu Hause stellt man sich das gar nicht vor, was es hei\u00dft, so ganz allein unter einem heidnischen Volk zu leben, wo Monate vergehen k\u00f6nnen, bis man mal wieder ein wei\u00dfes Gesicht sieht oder mal wieder den s\u00fc\u00dfen Ton der eigenen Muttersprache h\u00f6rt ... Ja, wo ich nicht einmal ein Haus habe, ich muss mir, wenn ich heim komme, zuerst eines bauen.\"<\/p>\n<p>Im Januar 1908 wird Gottlieb Zimmermann in Aburi\/Ghana mit der Pfarrerstochter Mathilde Weigelin aus Lorch getraut. Vier Kinder werden ihnen geboren.Im ersten Weltkrieg wird Gottlieb Zimmermann von den Engl\u00e4ndern in Kukaloe interniert und erst im September 1918 wieder entlassen. Die ganze Familie kehrt dann in die Heimat zur\u00fcck und wohnt in Winnenden, wo Zimmermann sich in der \"Inneren Mission\" W\u00fcrttembergs bet\u00e4tigt.<\/p>\n<p>Gottlieb Zimmermann kommt am 05. Oktober 1919 auf tragische Weise ums Leben: Beim Einfahren eines Zuges in den Bahnhof Winnenden st\u00fcrzt er von der Plattform eines Wagens und ger\u00e4t unter die R\u00e4der.<\/p>\n<p><em>\"Seiner Charakterlage lief es nicht zuwider, dass er in den ersten Jahren seines afrikanischen Aufenthaltes mehrere Male den Ort seiner T\u00e4tigkeit auf Anordnung der Missionsleitung wechselte. Im Gegenteil: Es entsprach dies ganz seiner temperamentvollen Art.&nbsp;<\/em><\/p>\n<p><em>Dadurch verschaffte er sich aber einen guten Einblick in Land und Volk der Goldk\u00fcste, wie der ganzen Missionsarbeit. Das bef\u00e4higte ihn auch, durch anschauliche lebendige Darstellung in seinen Briefen, wie durch begeisternden Schwung der Rede, das Missionsinteresse der Heimatgemeinde wach zu halten.\"<\/em><\/p>\n<p>&nbsp;<\/p>\n","protected":false},"excerpt":{"rendered":"<p>Gottlieb Zimmermann, Sohn von Georg Elias Zimmermann und dessen Frau Dorothea, geb. Ortlieb, wird 1876 in Gerlingen geboren - im selben Jahr, in dem Johannes Zimmermann stirbt. Die beiden sind <a href=\"https:\/\/www.johannes-rebmann-stiftung.de\/cms\/missionare-aus-gerlingen\/erste-missionare\/zimmermann-gottlieb\/\" class=\"more-link\">...weiterlesen<span class=\"screen-reader-text\"> \"Zimmermann, Gottlieb\"<\/span><\/a><\/p>\n","protected":false},"author":1,"featured_media":0,"parent":913,"menu_order":0,"comment_status":"closed","ping_status":"closed","template":"","meta":{"ngg_post_thumbnail":0,"footnotes":""},"class_list":["post-873","page","type-page","status-publish","h-entry","hentry","h-as-page"],"_links":{"self":[{"href":"https:\/\/www.johannes-rebmann-stiftung.de\/cms\/wp-json\/wp\/v2\/pages\/873","targetHints":{"allow":["GET"]}}],"collection":[{"href":"https:\/\/www.johannes-rebmann-stiftung.de\/cms\/wp-json\/wp\/v2\/pages"}],"about":[{"href":"https:\/\/www.johannes-rebmann-stiftung.de\/cms\/wp-json\/wp\/v2\/types\/page"}],"author":[{"embeddable":true,"href":"https:\/\/www.johannes-rebmann-stiftung.de\/cms\/wp-json\/wp\/v2\/users\/1"}],"replies":[{"embeddable":true,"href":"https:\/\/www.johannes-rebmann-stiftung.de\/cms\/wp-json\/wp\/v2\/comments?post=873"}],"version-history":[{"count":3,"href":"https:\/\/www.johannes-rebmann-stiftung.de\/cms\/wp-json\/wp\/v2\/pages\/873\/revisions"}],"predecessor-version":[{"id":2490,"href":"https:\/\/www.johannes-rebmann-stiftung.de\/cms\/wp-json\/wp\/v2\/pages\/873\/revisions\/2490"}],"up":[{"embeddable":true,"href":"https:\/\/www.johannes-rebmann-stiftung.de\/cms\/wp-json\/wp\/v2\/pages\/913"}],"wp:attachment":[{"href":"https:\/\/www.johannes-rebmann-stiftung.de\/cms\/wp-json\/wp\/v2\/media?parent=873"}],"curies":[{"name":"wp","href":"https:\/\/api.w.org\/{rel}","templated":true}]}}