{"id":575,"date":"2017-05-03T17:18:48","date_gmt":"2017-05-03T15:18:48","guid":{"rendered":"https:\/\/www.johannes-rebmann-stiftung.de\/cms\/?page_id=575"},"modified":"2020-04-27T15:12:31","modified_gmt":"2020-04-27T13:12:31","slug":"klein-dieter","status":"publish","type":"page","link":"https:\/\/www.johannes-rebmann-stiftung.de\/cms\/missionare-aus-gerlingen\/aktuelle-missionare\/klein-dieter\/","title":{"rendered":"Klein, Dieter"},"content":{"rendered":"<p><img loading=\"lazy\" decoding=\"async\" src=\"https:\/\/www.johannes-rebmann-stiftung.de\/cms\/wp-content\/uploads\/2017\/05\/klein_barbara_dieter.gif\" alt=\"\" width=\"255\" height=\"191\"><\/p>\n<p><em>Barbara und Dieter Klein<\/em><\/p>\n<p>\"Ich entspreche nicht so ganz dem Bild eines Missionars im klassischen Sinne, obwohl ich soweit es ging auch immer kirchlich engagiert war.\"<\/p>\n<p>Das sagt heute Dieter Klein, der insgesamt 12 Jahre in der kirchlichen und weltlichen Entwicklungszusammenarbeit t\u00e4tig war.<\/p>\n<p>Schon 1973 wird am Titel seiner ersten Examensarbeit im Lehramtsstudium klar, dass Dieter Klein sich f\u00fcr die Kombination P\u00e4dagogik und Entwicklungsl\u00e4nder interessiert. 1979 bis 1984 ist er im Dienste der Ev.-Lutherischen Kirche in Papua-Neuguinea und in seiner Dissertation geht es dann um \"M\u00f6glichkeiten non-formaler Ausbildung im handwerklich-technischen Bereich f\u00fcr eine eigenst\u00e4ndige l\u00e4ndliche Entwicklung. Aufgezeigt und problematisiert am Beispiel eines kirchlichen Ausbildungskurses in Papua-Neuguinea\". Dr. Dieter Klein kennt sowohl die wissenschaftlich-theoretischen Hintergr\u00fcnde als auch die ganz praktischen Sorgen, N\u00f6te und Erfolgsfaktoren der Entwicklungsarbeit.<\/p>\n<p>Die Vielfalt seiner Mitarbeit in Projekten l\u00e4sst sich an ein paar Beispielen anschaulich zeigen:<\/p>\n<p>&nbsp;<\/p>\n<p><img loading=\"lazy\" decoding=\"async\" src=\"https:\/\/www.johannes-rebmann-stiftung.de\/cms\/wp-content\/uploads\/2017\/05\/klein_kenia1.jpg\" alt=\"\" width=\"283\" height=\"194\"><\/p>\n<p><em>Moderation des Planungsworkshops PRaSuPe.<\/em><\/p>\n<p>Entwicklungszusammenarbeit mit der Gesellschaft f\u00fcr Technische Zusammenarbeit (gtz) in Kenia (1997 - 2001): Dieter Klein leitet zwei Projekte in der Grund- und Erwachsenenbildung als Berater am kenianischen Bildungs- und Arbeitsministerium.<\/p>\n<p>PraSuPE (Practical Subjects in Primary Education) wird in drei Regionen Kenias an 252 Schulen mit 756 Lehrern und 75.000 Sch\u00fclern erprobt.<\/p>\n<p><img loading=\"lazy\" decoding=\"async\" src=\"https:\/\/www.johannes-rebmann-stiftung.de\/cms\/wp-content\/uploads\/2017\/05\/klein_sozialkreis.jpg\" alt=\"\" width=\"283\" height=\"209\"><\/p>\n<p><em>Ehrenamtliche Mitarbeit im Sozialkreis: Barbara Klein inmitten fr\u00f6hlicher Gesichter<\/em><\/p>\n<p>Entwicklungszusammenarbeit in Bangladesh (2001 - 2004):<\/p>\n<p>Dieter Klein leitet das \"Comprehensive Primary Education Project\" und ber\u00e4t das \"Directorate of Primary Education\" am Bildungsministerium von Bangladesh im Rahmen des Primary Education Development Programs.<\/p>\n<p><img loading=\"lazy\" decoding=\"async\" src=\"https:\/\/www.johannes-rebmann-stiftung.de\/cms\/wp-content\/uploads\/2017\/05\/klein_bangladesh2.jpg\" alt=\"\" width=\"283\" height=\"189\"><\/p>\n<p><em>Eine der Teambesprechungen.<\/em><\/p>\n<p>Dieter Klein ist Gr\u00fcndungsmitglied von Pro-SWID, dem Verein zur Unterst\u00fctzung von Kindern mit Behinderungen in Bangladesh, und seine Frau Barbara ist die Vereinsvorsitzende.<\/p>\n<p><img loading=\"lazy\" decoding=\"async\" src=\"https:\/\/www.johannes-rebmann-stiftung.de\/cms\/wp-content\/uploads\/2017\/05\/klein_schulbus.jpg\" alt=\"\" width=\"283\" height=\"185\"><\/p>\n<p><em>Dieser \"Schulbus\" f\u00fcr behinderte Kinder wurde von Pro-SWID Germany gependet.<\/em><\/p>\n<p>Dieter Klein leitet den deutschen Beitrag in der 2. Phase des Nationalen Prim\u00e4rschul-Entwicklungsprogramms in Bangladesh.<\/p>\n<p><img loading=\"lazy\" decoding=\"async\" src=\"https:\/\/www.johannes-rebmann-stiftung.de\/cms\/wp-content\/uploads\/2017\/05\/klein_lehrersupport.jpg\" alt=\"\" width=\"283\" height=\"189\"><\/p>\n<p><em>Unterst\u00fctzung der Lehrer: Barbara Klein stellt Lehrmittel f\u00fcr die Integration von Sch\u00fclern mit Behinderungen vor.<\/em><\/p>\n<p>Neben all der p\u00e4dagogischen Entwicklungsarbeit auch ganz anderes ...<\/p>\n<p><img loading=\"lazy\" decoding=\"async\" src=\"https:\/\/www.johannes-rebmann-stiftung.de\/cms\/wp-content\/uploads\/2017\/05\/klein_bangladesh1.jpg\" alt=\"\" width=\"283\" height=\"278\"><\/p>\n<p>In Bangladesh gibt es eine kleine deutsche Kichengemeinde, aber keine Orgel? Kein Problem ... Mit Barbara und Dieter Klein ist die \"Kirchenmusik\" mobil an jedem Ort einsatzbereit.<\/p>\n<p>Die beiden waren viel unterwegs. Au\u00dfer Kenia und Bangladesh kennt Dieter Klein von seinen Eins\u00e4tzen auch Australien, China, Indien, Indonesien, Malawi, Nepal, Nicaragua, Papua Neuguinea, Ruanda, Sambia, Solomon Islands, Zaire.<\/p>\n<p>Bis 2011 bereitete Dr. Dieter Klein bereitet die Studenten des International Institute of Management an der Universit\u00e4t Flensburg im Master-Studiengang SESAM auf die Anforderungen der internationalen Entwicklungszusammenarbeit in der globalisierten Welt vor. Dieser Lehrmeister wei\u00df, wovon er spricht ...<\/p>\n<p>Seit 2011 ist Dr. Dieter Klein im Ruhestand und wohnt in Kirchheim unter Teck.<\/p>\n<p><img loading=\"lazy\" decoding=\"async\" class=\"\" src=\"https:\/\/www.johannes-rebmann-stiftung.de\/cms\/wp-content\/uploads\/2017\/05\/klein_sesam.gif\" alt=\"\" width=\"400\" height=\"300\"><\/p>\n<p>Dr. Dieter Klein mit einer seiner Studentengruppen.<\/p>\n<p>Pastor Prof. Dr. Hans Grothaus hatte in seiner Predigt am 22.06.1997 seinen Freunden Barbara und Dieter Klein einen Spruch mit auf ihren Weg: \"Seid barmherzig, wie auch euer Vater im Himmel barmherzig ist\".<br \/>\nLukas 6.36 wurde daraufhin zum Motto f\u00fcr das Ehepaar Klein und begleitete die beiden.<\/p>\n<p>Aus seiner Arbeit berichtet Dr. Dieter Klein im Dez. 1998 zur Lehrerfortbildung in TALULAR (Teaching And Learning Using Locally Available Resources):<\/p>\n<p>\"Erstaunlich ist, wie mangels Material und Werkzeug improvisiert wird: Pinsel aus Bambus und Haaren, \u00d6lkreide aus Wachs und Naturfarben, Trichter aus Plastikflaschen. So finden Alt-Materialien einen neuen Verwendungszweck.\"<\/p>\n<p>\"Zwei Schulbesuchstouren im Nov\/Dez. zeigten uns, mit welchem Eifer die Lehrer und Lehrerinnen G\u00e4rten mit Kohl, Tomaten, Zwiebeln, S\u00fcsskartoffeln, Taro, Bananen, Papaya u.\u00e4. anlegen, Kaninchen und H\u00fchner halten, Hosen und Hemden n\u00e4hen, kochen und backen, Holzh\u00e4mmer, Tafelwischer, Besen und Kehrbleche basteln, Stoffe bedrucken, K\u00f6rbe flechten, Tont\u00f6pfe formen, malen und zeichnen.\"<\/p>\n<p>\"In manchen Schulen hat selbst die Dorfgemeinschaft angebissen: ein Vater, der Maurer ist, demonstriert das Verputzen einer Klassenzimmerwand. Eine Klasse geht zum \u00f6rtlichen Schreiner, um seinen Betrieb anzuschauen. Kleine Projekte entstehen, bei denen ein wenig Geld erwirtschaftet wird. Schulclubs (AGs) f\u00fcr Landwirtschaft, Hauswirtschaft und Technik werden wiederbelebt. Die Vertreter der \u00f6rtlichen \u00c4mter f\u00fcr Gesundheit, Landwirtschaft und Kleingewerbe werden von den Lehrern zur lebensnahen Unterrichts-gestaltung angefordert. Ja, manche Schulen ver\u00e4ndern regelrecht ihr Gesicht: sie werden sauberer und gepflegter ...\"<\/p>\n<p>\"Vom Projekt wird zwar Geld f\u00fcr Werkzeuge und Unterrichtsmaterialien bereit gestellt, aber in vielen Schulen haben auch die Eltern ihren Teil dazu beigetragen, indem sie etwa die Lehrerfortbildung mitfinanzieren oder einen Material- und Werkzeugraum eingerichtet haben.\"<\/p>\n","protected":false},"excerpt":{"rendered":"<p>Barbara und Dieter Klein \"Ich entspreche nicht so ganz dem Bild eines Missionars im klassischen Sinne, obwohl ich soweit es ging auch immer kirchlich engagiert war.\" Das sagt heute Dieter <a href=\"https:\/\/www.johannes-rebmann-stiftung.de\/cms\/missionare-aus-gerlingen\/aktuelle-missionare\/klein-dieter\/\" class=\"more-link\">...weiterlesen<span class=\"screen-reader-text\"> \"Klein, Dieter\"<\/span><\/a><\/p>\n","protected":false},"author":1,"featured_media":0,"parent":915,"menu_order":0,"comment_status":"closed","ping_status":"closed","template":"","meta":{"ngg_post_thumbnail":0,"footnotes":""},"class_list":["post-575","page","type-page","status-publish","h-entry","hentry","h-as-page"],"_links":{"self":[{"href":"https:\/\/www.johannes-rebmann-stiftung.de\/cms\/wp-json\/wp\/v2\/pages\/575","targetHints":{"allow":["GET"]}}],"collection":[{"href":"https:\/\/www.johannes-rebmann-stiftung.de\/cms\/wp-json\/wp\/v2\/pages"}],"about":[{"href":"https:\/\/www.johannes-rebmann-stiftung.de\/cms\/wp-json\/wp\/v2\/types\/page"}],"author":[{"embeddable":true,"href":"https:\/\/www.johannes-rebmann-stiftung.de\/cms\/wp-json\/wp\/v2\/users\/1"}],"replies":[{"embeddable":true,"href":"https:\/\/www.johannes-rebmann-stiftung.de\/cms\/wp-json\/wp\/v2\/comments?post=575"}],"version-history":[{"count":5,"href":"https:\/\/www.johannes-rebmann-stiftung.de\/cms\/wp-json\/wp\/v2\/pages\/575\/revisions"}],"predecessor-version":[{"id":2476,"href":"https:\/\/www.johannes-rebmann-stiftung.de\/cms\/wp-json\/wp\/v2\/pages\/575\/revisions\/2476"}],"up":[{"embeddable":true,"href":"https:\/\/www.johannes-rebmann-stiftung.de\/cms\/wp-json\/wp\/v2\/pages\/915"}],"wp:attachment":[{"href":"https:\/\/www.johannes-rebmann-stiftung.de\/cms\/wp-json\/wp\/v2\/media?parent=575"}],"curies":[{"name":"wp","href":"https:\/\/api.w.org\/{rel}","templated":true}]}}