{"id":37,"date":"2016-07-04T08:25:59","date_gmt":"2016-07-04T06:25:59","guid":{"rendered":"https:\/\/www.johannes-rebmann-stiftung.de\/cms\/?page_id=37"},"modified":"2026-03-09T10:28:27","modified_gmt":"2026-03-09T09:28:27","slug":"daeuble-gottlob-christoph","status":"publish","type":"page","link":"https:\/\/www.johannes-rebmann-stiftung.de\/cms\/missionare-aus-gerlingen\/erste-missionare\/daeuble-gottlob-christoph\/","title":{"rendered":"D\u00e4uble, Gottlob Christoph"},"content":{"rendered":"<p><img loading=\"lazy\" decoding=\"async\" class=\"alignnone size-full wp-image-342\" src=\"https:\/\/www.johannes-rebmann-stiftung.de\/cms\/wp-content\/uploads\/2017\/04\/daueble_gc.gif\" alt=\"\" width=\"142\" height=\"161\"><\/p>\n<p>Gottlob Christoph D\u00e4uble ist der erste Missionarssohn von Jakob D\u00e4uble und seiner Frau Luise. Er wird 1822 in Sindelfingen geboren.<\/p>\n<p>Keine andere Gerlinger Familie hat der Mission mehr S\u00f6hne und T\u00f6chter gestellt als die Familie D\u00e4uble. Vater Jakob D\u00e4uble stammte aus Hasslach bei Herrenberg und war 1841 mit elf Kindern als Schullehrer nach Gerlingen gekommen. Drei seiner S\u00f6hne wurden Missionare, zwei T\u00f6chter Missionsfrauen.<\/p>\n<p>Der gelernte Tuchmacher wartet zun\u00e4chst die sogenannte \"Conscription\" ab, die Meldung zum Milit\u00e4rdienst: Da nicht alle Zwanzigj\u00e4hrigen einberufen werden k\u00f6nnen, wird gelost. Wer eine hohe Nummer zieht, kann damit rechnen, vom zweij\u00e4hrigen Milit\u00e4rdienst befreit zu werden.<\/p>\n<p>D\u00e4uble zog die hohe Nummer 216 und war damit vom Milit\u00e4rdienst suspendiert. F\u00fcr Gottlob Christoph D\u00e4uble bedeutet dies eine Best\u00e4tigung des Willens Gottes zu seinen Missionspl\u00e4nen.<\/p>\n<p>Sein Gerlinger Stundenbruder hatte ihn gemahnt, wenn er sich dem K\u00f6nig von W\u00fcrttemberg nicht stellen m\u00fcsse, so sollte er doch dem Heiland einen Mann stellen f\u00fcr seine Ernte.<\/p>\n<p>1843 meldet Gottlob Christoph D\u00e4uble sich in die Mission und wird in Basel aufgenommen. 1848 wird er nach Ostbengalen ausgesandt, vermutlich von der englischen Baptistenmission. Sein weiteres Schicksal ist unbekannt.<\/p>\n<p>Aus dem Gr\u00e4berverzeichnis des Friedhofs im Nowgong District (heute Nagaon District)&nbsp;ist zu entnehmen, dass er am 23. M\u00e4rz 1853 verstorben ist und dort begraben liegt. Nagaon ist ein Verwaltungsbezirk in Zentral-Assam, Indien.&nbsp;<\/p>\n<p><img loading=\"lazy\" decoding=\"async\" class=\"alignnone size-full wp-image-3327\" src=\"https:\/\/www.johannes-rebmann-stiftung.de\/cms\/wp-content\/uploads\/2026\/03\/DaeubleGottlobGrabinschrift.png\" alt=\"\" width=\"657\" height=\"515\" srcset=\"https:\/\/www.johannes-rebmann-stiftung.de\/cms\/wp-content\/uploads\/2026\/03\/DaeubleGottlobGrabinschrift.png 657w, https:\/\/www.johannes-rebmann-stiftung.de\/cms\/wp-content\/uploads\/2026\/03\/DaeubleGottlobGrabinschrift-300x235.png 300w\" sizes=\"auto, (max-width: 657px) 100vw, 657px\" \/><\/p>\n<p>&nbsp;<\/p>\n<p>&nbsp;<\/p>\n","protected":false},"excerpt":{"rendered":"<p>Gottlob Christoph D\u00e4uble ist der erste Missionarssohn von Jakob D\u00e4uble und seiner Frau Luise. Er wird 1822 in Sindelfingen geboren. Keine andere Gerlinger Familie hat der Mission mehr S\u00f6hne und <a href=\"https:\/\/www.johannes-rebmann-stiftung.de\/cms\/missionare-aus-gerlingen\/erste-missionare\/daeuble-gottlob-christoph\/\" class=\"more-link\">...weiterlesen<span class=\"screen-reader-text\"> \"D\u00e4uble, Gottlob Christoph\"<\/span><\/a><\/p>\n","protected":false},"author":1,"featured_media":0,"parent":913,"menu_order":0,"comment_status":"closed","ping_status":"closed","template":"","meta":{"ngg_post_thumbnail":0,"footnotes":""},"class_list":["post-37","page","type-page","status-publish","h-entry","hentry","h-as-page"],"_links":{"self":[{"href":"https:\/\/www.johannes-rebmann-stiftung.de\/cms\/wp-json\/wp\/v2\/pages\/37","targetHints":{"allow":["GET"]}}],"collection":[{"href":"https:\/\/www.johannes-rebmann-stiftung.de\/cms\/wp-json\/wp\/v2\/pages"}],"about":[{"href":"https:\/\/www.johannes-rebmann-stiftung.de\/cms\/wp-json\/wp\/v2\/types\/page"}],"author":[{"embeddable":true,"href":"https:\/\/www.johannes-rebmann-stiftung.de\/cms\/wp-json\/wp\/v2\/users\/1"}],"replies":[{"embeddable":true,"href":"https:\/\/www.johannes-rebmann-stiftung.de\/cms\/wp-json\/wp\/v2\/comments?post=37"}],"version-history":[{"count":8,"href":"https:\/\/www.johannes-rebmann-stiftung.de\/cms\/wp-json\/wp\/v2\/pages\/37\/revisions"}],"predecessor-version":[{"id":3328,"href":"https:\/\/www.johannes-rebmann-stiftung.de\/cms\/wp-json\/wp\/v2\/pages\/37\/revisions\/3328"}],"up":[{"embeddable":true,"href":"https:\/\/www.johannes-rebmann-stiftung.de\/cms\/wp-json\/wp\/v2\/pages\/913"}],"wp:attachment":[{"href":"https:\/\/www.johannes-rebmann-stiftung.de\/cms\/wp-json\/wp\/v2\/media?parent=37"}],"curies":[{"name":"wp","href":"https:\/\/api.w.org\/{rel}","templated":true}]}}