{"id":358,"date":"2017-04-26T17:33:39","date_gmt":"2017-04-26T15:33:39","guid":{"rendered":"https:\/\/www.johannes-rebmann-stiftung.de\/cms\/?page_id=358"},"modified":"2025-10-29T11:23:49","modified_gmt":"2025-10-29T10:23:49","slug":"daeuble-rosine-luise","status":"publish","type":"page","link":"https:\/\/www.johannes-rebmann-stiftung.de\/cms\/missionare-aus-gerlingen\/erste-missionare\/daeuble-rosine-luise\/","title":{"rendered":"D\u00e4uble, Rosine Luise"},"content":{"rendered":"<p><img loading=\"lazy\" decoding=\"async\" class=\"alignnone size-full wp-image-359\" src=\"https:\/\/www.johannes-rebmann-stiftung.de\/cms\/wp-content\/uploads\/2017\/04\/Daeuble_Rosine.jpg\" alt=\"\" width=\"136\" height=\"227\"><\/p>\n<p>Rosine Luise D\u00e4uble wird 1828 als Tochter von Jakob D\u00e4uble und seiner Frau Luise in Sindelfingen geboren.<\/p>\n<p>Keine andere Gerlinger Familie hat der Mission mehr S\u00f6hne und T\u00f6chter gestellt als die Familie D\u00e4uble. Vater Jakob D\u00e4uble stammte aus Hasslach bei Herrenberg und war 1841 mit elf Kindern als Schullehrer nach Gerlingen gekommen. Drei seiner S\u00f6hne wurden Missionare, zwei T\u00f6chter Missionsfrauen.<\/p>\n<p>Rosine Luise D\u00e4uble verlobt sich 1849 mit dem seit 1846 an der Goldk\u00fcste eingesetzten Missionar Johannes Stanger aus M\u00f6ttlingen.<\/p>\n<p>Ende 1849 bittet der Missionar Johannes Stanger von der Goldk\u00fcste aus das Schulthei\u00dfenamt M\u00f6ttlingen um die Erlaubnis, die \"Trauung im Ausland mit der ledigen Rosine Luise D\u00e4uble, Tochter des Schulmeisters D\u00e4uble von Gerlingen, gegen die Entrichtung der gesetzlichen Sportel von 20 fl (Gulden) zu gestatten\". Die Erlaubnis erfolgt am 15. Januar 1850 vom Amtsgericht in Calw. An diesem Tag ist die Braut schon auf dem Weg nach Accra im Gefolge von Johannes Zimmermann und zwei anderen Br\u00e4uten. Die Hochzeit ist am 20. Mai 1850 in Christiansborg.<\/p>\n<p>Bis 1855 arbeitet Johannes Zimmermann mit dem \u00e4lteren und erfahreneren Johannes Stanger eng zusammen. H\u00e4ufig findet man in seinen Quartalsberichten, die jeder Missionar an das Missionshaus abzugehen hatte und die - ehe sie nach Basel gingen - von den Mitbr\u00fcdern gelesen und begutachtet sein mussten, Stangers Stellungnahmen.<br \/>\nJohannes Zimmermann mag sich gefreut haben, in der Frau des Missionars Stanger eine Gerlingerin als Mitstreiterin zu wissen, und sicherlich haben sie oft Nachrichten aus Gerlingen ausgetauscht.<\/p>\n<p>Die Stangers bitten 1855 um Heimaturlaub, da beide krank sind. 1857 stirbt Rosine Stanger, geb. D\u00e4uble, in Untert\u00fcrkheim an Herzwassersucht. Johannes Stanger kehrt allein an die Goldk\u00fcste zur\u00fcck und geht 1864 als Pastor nach Brasilien, sp\u00e4ter in die USA, wo er 1899 in Ann Arbor stirbt.<\/p>\n<p><strong>Dokumente \u00fcber Rosine D\u00e4uble:<\/strong><\/p>\n<ul>\n<li><a href=\"https:\/\/www.johannes-rebmann-stiftung.de\/cms\/wp-content\/uploads\/2025\/10\/D01-03Ussu18500417Stanger_10.pdf\">17.04.1850 - Brief von Missionar Johannes Stanger<\/a><\/li>\n<li><a href=\"https:\/\/www.johannes-rebmann-stiftung.de\/cms\/wp-content\/uploads\/2025\/10\/D01-03Ussu18500417Stanger_11.pdf\">17.04.1850 - Weiterer Brief von Missionar Stanger<\/a><\/li>\n<li><a href=\"https:\/\/www.johannes-rebmann-stiftung.de\/cms\/wp-content\/uploads\/2025\/10\/D01-03Ussu1851_4QB_Stanger_14.pdf\">4. Quartal 1851 - Quartalsbericht von der Missionsstation<\/a><\/li>\n<\/ul>\n","protected":false},"excerpt":{"rendered":"<p>Rosine Luise D\u00e4uble wird 1828 als Tochter von Jakob D\u00e4uble und seiner Frau Luise in Sindelfingen geboren. Keine andere Gerlinger Familie hat der Mission mehr S\u00f6hne und T\u00f6chter gestellt als <a href=\"https:\/\/www.johannes-rebmann-stiftung.de\/cms\/missionare-aus-gerlingen\/erste-missionare\/daeuble-rosine-luise\/\" class=\"more-link\">...weiterlesen<span class=\"screen-reader-text\"> \"D\u00e4uble, Rosine Luise\"<\/span><\/a><\/p>\n","protected":false},"author":1,"featured_media":0,"parent":913,"menu_order":0,"comment_status":"closed","ping_status":"closed","template":"","meta":{"ngg_post_thumbnail":0,"footnotes":""},"class_list":["post-358","page","type-page","status-publish","h-entry","hentry","h-as-page"],"_links":{"self":[{"href":"https:\/\/www.johannes-rebmann-stiftung.de\/cms\/wp-json\/wp\/v2\/pages\/358","targetHints":{"allow":["GET"]}}],"collection":[{"href":"https:\/\/www.johannes-rebmann-stiftung.de\/cms\/wp-json\/wp\/v2\/pages"}],"about":[{"href":"https:\/\/www.johannes-rebmann-stiftung.de\/cms\/wp-json\/wp\/v2\/types\/page"}],"author":[{"embeddable":true,"href":"https:\/\/www.johannes-rebmann-stiftung.de\/cms\/wp-json\/wp\/v2\/users\/1"}],"replies":[{"embeddable":true,"href":"https:\/\/www.johannes-rebmann-stiftung.de\/cms\/wp-json\/wp\/v2\/comments?post=358"}],"version-history":[{"count":5,"href":"https:\/\/www.johannes-rebmann-stiftung.de\/cms\/wp-json\/wp\/v2\/pages\/358\/revisions"}],"predecessor-version":[{"id":3269,"href":"https:\/\/www.johannes-rebmann-stiftung.de\/cms\/wp-json\/wp\/v2\/pages\/358\/revisions\/3269"}],"up":[{"embeddable":true,"href":"https:\/\/www.johannes-rebmann-stiftung.de\/cms\/wp-json\/wp\/v2\/pages\/913"}],"wp:attachment":[{"href":"https:\/\/www.johannes-rebmann-stiftung.de\/cms\/wp-json\/wp\/v2\/media?parent=358"}],"curies":[{"name":"wp","href":"https:\/\/api.w.org\/{rel}","templated":true}]}}