{"id":29,"date":"2016-07-04T08:22:42","date_gmt":"2016-07-04T06:22:42","guid":{"rendered":"https:\/\/www.johannes-rebmann-stiftung.de\/cms\/?page_id=29"},"modified":"2020-04-27T15:58:45","modified_gmt":"2020-04-27T13:58:45","slug":"johannes-zimmermann","status":"publish","type":"page","link":"https:\/\/www.johannes-rebmann-stiftung.de\/cms\/missionare-aus-gerlingen\/johannes-zimmermann\/","title":{"rendered":"Zimmermann, Johannes"},"content":{"rendered":"<p><span style=\"font-family: Verdana; font-size: small;\"><img loading=\"lazy\" decoding=\"async\" class=\"alignnone size-full wp-image-381\" src=\"https:\/\/www.johannes-rebmann-stiftung.de\/cms\/wp-content\/uploads\/2016\/07\/johannes_zimmermann.gif\" alt=\"\" width=\"163\" height=\"227\"><\/span><\/p>\n<p><strong>* 2. M\u00e4rz 1825 in Gerlingen; \u2020 13. Dezember 1876 Gerlingen <\/strong><\/p>\n<p>Johannes Zimmermann war ein deutscher Missionar und Sprachforscher.<\/p>\n<p>Er ging im Alter von 25 Jahren im Dienst der Basler Mission an die afrikanische Goldk\u00fcste, wo er 26 Jahre verbrachte. Dort wirkte er in Kroboland, wo er die Bibel und ein aus 500 Liedern bestehendes Gesangbuch in die Ga-Sprache \u00fcbersetzte.<\/p>\n<p>Au\u00dferdem leistete er umfassende Entwicklungshilfe. Er k\u00fcmmerte sich um die F\u00f6rderung von Bodensch\u00e4tzen, modernisierte den Landbau und half auch durch die Verst\u00e4rkung des G\u00fcterexports die Lebensverh\u00e4ltnisse der afrikanischen Bev\u00f6lkerung zu verbessern.<\/p>\n<h3><a href=\"https:\/\/www.johannes-rebmann-stiftung.de\/cms\/missionare-aus-gerlingen\/johannes-zimmermann\/zimmermann-johannes-leben-und-werk\/\">Leben und Werk: <\/a><\/h3>\n<ul>\n<li>Kindheit und Jugend in Gerlingen<\/li>\n<li>Missionar in Westafrika<\/li>\n<li>Mission im Kroboland<\/li>\n<li>Letzte Lebensmonate in Gerlingen<\/li>\n<li>\"Br\u00fccke zwischen Menschen und Kulturen\"<\/li>\n<li>Spuren des Missionars<\/li>\n<\/ul>\n<h3><a href=\"https:\/\/www.johannes-rebmann-stiftung.de\/cms\/missionare-aus-gerlingen\/johannes-zimmermann\/zimmermann-johannes-dokumente\/\">Dokumente:<\/a><\/h3>\n<ul>\n<li>Basler Heiratsordnung<\/li>\n<li>Gedichte<\/li>\n<li>Gedenkstein<\/li>\n<li>Vortrag von I. Stutzmann<\/li>\n<\/ul>\n","protected":false},"excerpt":{"rendered":"<p>* 2. M\u00e4rz 1825 in Gerlingen; \u2020 13. Dezember 1876 Gerlingen Johannes Zimmermann war ein deutscher Missionar und Sprachforscher. Er ging im Alter von 25 Jahren im Dienst der Basler <a href=\"https:\/\/www.johannes-rebmann-stiftung.de\/cms\/missionare-aus-gerlingen\/johannes-zimmermann\/\" class=\"more-link\">...weiterlesen<span class=\"screen-reader-text\"> \"Zimmermann, Johannes\"<\/span><\/a><\/p>\n","protected":false},"author":1,"featured_media":0,"parent":39,"menu_order":0,"comment_status":"closed","ping_status":"closed","template":"","meta":{"ngg_post_thumbnail":0,"footnotes":""},"class_list":["post-29","page","type-page","status-publish","h-entry","hentry","h-as-page"],"_links":{"self":[{"href":"https:\/\/www.johannes-rebmann-stiftung.de\/cms\/wp-json\/wp\/v2\/pages\/29","targetHints":{"allow":["GET"]}}],"collection":[{"href":"https:\/\/www.johannes-rebmann-stiftung.de\/cms\/wp-json\/wp\/v2\/pages"}],"about":[{"href":"https:\/\/www.johannes-rebmann-stiftung.de\/cms\/wp-json\/wp\/v2\/types\/page"}],"author":[{"embeddable":true,"href":"https:\/\/www.johannes-rebmann-stiftung.de\/cms\/wp-json\/wp\/v2\/users\/1"}],"replies":[{"embeddable":true,"href":"https:\/\/www.johannes-rebmann-stiftung.de\/cms\/wp-json\/wp\/v2\/comments?post=29"}],"version-history":[{"count":7,"href":"https:\/\/www.johannes-rebmann-stiftung.de\/cms\/wp-json\/wp\/v2\/pages\/29\/revisions"}],"predecessor-version":[{"id":2498,"href":"https:\/\/www.johannes-rebmann-stiftung.de\/cms\/wp-json\/wp\/v2\/pages\/29\/revisions\/2498"}],"up":[{"embeddable":true,"href":"https:\/\/www.johannes-rebmann-stiftung.de\/cms\/wp-json\/wp\/v2\/pages\/39"}],"wp:attachment":[{"href":"https:\/\/www.johannes-rebmann-stiftung.de\/cms\/wp-json\/wp\/v2\/media?parent=29"}],"curies":[{"name":"wp","href":"https:\/\/api.w.org\/{rel}","templated":true}]}}