{"id":220,"date":"2017-03-13T16:10:00","date_gmt":"2017-03-13T15:10:00","guid":{"rendered":"https:\/\/www.johannes-rebmann-stiftung.de\/cms\/?page_id=220"},"modified":"2025-11-21T11:31:20","modified_gmt":"2025-11-21T10:31:20","slug":"luise_friederike_daeuble","status":"publish","type":"page","link":"https:\/\/www.johannes-rebmann-stiftung.de\/cms\/missionare-aus-gerlingen\/erste-missionare\/luise_friederike_daeuble\/","title":{"rendered":"D\u00e4uble, Luise Friederike"},"content":{"rendered":"<figure id=\"attachment_3167\" aria-describedby=\"caption-attachment-3167\" style=\"width: 327px\" class=\"wp-caption alignleft\"><img loading=\"lazy\" decoding=\"async\" class=\"wp-image-3167 size-full\" src=\"https:\/\/www.johannes-rebmann-stiftung.de\/cms\/wp-content\/uploads\/2024\/11\/Daeuble_Louise.jpg\" alt=\"Daeuble, Louise Friederike\" width=\"327\" height=\"465\" srcset=\"https:\/\/www.johannes-rebmann-stiftung.de\/cms\/wp-content\/uploads\/2024\/11\/Daeuble_Louise.jpg 327w, https:\/\/www.johannes-rebmann-stiftung.de\/cms\/wp-content\/uploads\/2024\/11\/Daeuble_Louise-211x300.jpg 211w\" sizes=\"auto, (max-width: 327px) 100vw, 327px\" \/><figcaption id=\"caption-attachment-3167\" class=\"wp-caption-text\">Luise Friederike D\u00e4uble<\/figcaption><\/figure>\n<p>&nbsp;<\/p>\n<p>&nbsp;<\/p>\n<p>&nbsp;<\/p>\n<p>&nbsp;<\/p>\n<p>&nbsp;<\/p>\n<p>&nbsp;<\/p>\n<p>&nbsp;<\/p>\n<p>&nbsp;<\/p>\n<p>&nbsp;<\/p>\n<p>&nbsp;<\/p>\n<p>Luise Friederike D\u00e4uble wird 1835 als j\u00fcngste Tochter von Jakob D\u00e4uble und seiner Frau Luise in Sindelfingen geboren. Familie D\u00e4uble zieht 1841 nach Gerlingen.<\/p>\n<p>Luise Friederike D\u00e4uble wird dem jungen Missionar Kammerer in Indien versprochen, aber noch ehe sie indischen Boden betritt, war dieser gestorben. Luise Friederike D\u00e4uble arbeitet am Waisenhaus von Mangalore und an der Katechistenschule als Lehrerin. Dort lernt sie einen jungen w\u00fcrttembergischen Theologen sch\u00e4tzen - August Finkh, 1831 in Calw geboren. August Finkh ist vom w\u00fcrttembergischen Konsistortium sechs Jahre f\u00fcr den Missionsdienst freigestellt und schreibt an die Basler Mission:<\/p>\n<p><em>\"... ich habe Ihnen diesmal zwei pers\u00f6nliche Bitten vorzulegen. Die erste ist um Heiratserlaubnis. Die zweite Bitte ist eine n\u00e4here Bestimmung der Ersteren. Ich bitte, Sie m\u00f6chten mir erlauben, dass ich um die Hand der Jungfer Luise D\u00e4uble, Lehrerin an der hiesigen M\u00e4dchenanstalt, anhalte. Der Miss D\u00e4uble habe ich mich eine Zeitlang, n\u00e4mlich im April ds. Js., ziemlich gen\u00e4hert, ihr aber kein Wort gesagt, das mich binden w\u00fcrde. Und als ich von Seiten der Br\u00fcder darauf aufmerksam gemacht wurde, dass unser gegenseitiges Benehmen auffalle und Geschw\u00e4tz unter den Leuten mache, habe ich auch dies ge\u00e4ndert und bin seitdem zur\u00e4ckhaltend gegen sie. Es wird mir aber erlaubt sein, wenn einmal meiner Eltern Ansicht mir kundgeworden ist und dieselbe zustimmend lautet, ihr davon zu sagen und f\u00f6rmlich bei ihr anzuhalten, nat\u00fcrlich unter der Bedingung der noch zu erwartenden Genehmigung der verehrten Komitee, ohne die von keinem eigentlichen Verl\u00f6bnis die Rede sein kann...\"<\/em><\/p>\n<p><img loading=\"lazy\" decoding=\"async\" class=\"alignnone size-full wp-image-3284\" src=\"https:\/\/www.johannes-rebmann-stiftung.de\/cms\/wp-content\/uploads\/2025\/11\/MariaElsaesserLuiseDaeuble.png\" alt=\"\" width=\"232\" height=\"371\" srcset=\"https:\/\/www.johannes-rebmann-stiftung.de\/cms\/wp-content\/uploads\/2025\/11\/MariaElsaesserLuiseDaeuble.png 232w, https:\/\/www.johannes-rebmann-stiftung.de\/cms\/wp-content\/uploads\/2025\/11\/MariaElsaesserLuiseDaeuble-188x300.png 188w\" sizes=\"auto, (max-width: 232px) 100vw, 232px\" \/><\/p>\n<p><em>Luise D\u00e4uble (rechts) zusammen mit ihrer Schw\u00e4gerin Maria D\u00e4uble, geb Els\u00e4sser (Ehefrau von Gustav D\u00e4uble)<\/em><\/p>\n<p>August Finkh und Luise Friederike D\u00e4uble heiraten 1860. Im Jahr 1865 reisen sie mit ihrer Tochter Selma nach Europa. Finkh f\u00fchlt sich auf der 14-t\u00e4gigen Schiffahrt von Mangalore nach Suez nicht wohl. Auf der Weiterfahrt mit der Eisenbahn nach Alexandrien verschlechtert sich sein Zustand. Auf der Fahrt mit dem Schiff stirbt August Finkh am 17. Februar in der N\u00e4he von Korfu. Luise Friederike D\u00e4uble berichtet nach Basel: \"Da wir so nahe am Land waren, durfte die Leiche nicht ins Meer versenkt werden, man sagte mir deshalb, dass sie in Korfu an Land gebracht werden kann.\" Nach einem langen Irrgang in Korfu findet Luise Friederike D\u00e4uble den deutschen Konsul, der ihr verspricht, die Leiche auf dem Schiff abzuholen und an Land christlich bestatten zu lassen. Sie selbst kann an der Beerdigung nicht teilnehmen, da das Schiff nicht wartet. Luise Friederike D\u00e4uble ist in dieser Zeit schwanger. Zur\u00fcck in Heslach wird sie von einem Kind entbunden, das bald darauf stirbt.<\/p>\n<figure id=\"attachment_3170\" aria-describedby=\"caption-attachment-3170\" style=\"width: 176px\" class=\"wp-caption alignleft\"><img loading=\"lazy\" decoding=\"async\" class=\"wp-image-3170 size-full\" src=\"https:\/\/www.johannes-rebmann-stiftung.de\/cms\/wp-content\/uploads\/2024\/11\/Finckh_Selma.png\" alt=\"\" width=\"176\" height=\"263\"><figcaption id=\"caption-attachment-3170\" class=\"wp-caption-text\">Selma Finckh<\/figcaption><\/figure>\n<p>&nbsp;<\/p>\n<p>&nbsp;<\/p>\n<p>&nbsp;<\/p>\n<p>&nbsp;<\/p>\n<p>&nbsp;<\/p>\n<p>&nbsp;<\/p>\n<p>Einen Einblick in Luise Friederike D\u00e4ubles Leben von 1865 bis 1876 geben einige Briefe, die heute im Gerlinger Stadtarchiv und der Basler Mission aufbewahrt werden:<\/p>\n<p><a href=\"https:\/\/www.johannes-rebmann-stiftung.de\/cms\/wp-content\/uploads\/2017\/03\/daeuble_03_01.jpg\"><img loading=\"lazy\" decoding=\"async\" class=\"alignnone wp-image-228 size-full\" src=\"https:\/\/www.johannes-rebmann-stiftung.de\/cms\/wp-content\/uploads\/2017\/03\/daeuble.jpg\" alt=\"\" width=\"227\" height=\"173\"><\/a><br \/>\n<em><span style=\"font-family: Verdana; font-size: small;\">Foto: Brief an die Comitt\u00e9e 6. M\u00e4rz 1876.<\/span><\/em><\/p>\n<ul>\n<li>NEU: <a href=\"https:\/\/www.johannes-rebmann-stiftung.de\/cms\/wp-content\/uploads\/2024\/11\/18580903LouiseDaeubleLondon.pdf\">London, den 3. September 1858<\/a><\/li>\n<li>NEU: <a href=\"https:\/\/www.johannes-rebmann-stiftung.de\/cms\/wp-content\/uploads\/2024\/11\/1859-05-19-Mangalur.pdf\">Mangalur, den 19. Mai 1859<\/a><\/li>\n<li>NEU: <a href=\"https:\/\/www.johannes-rebmann-stiftung.de\/cms\/wp-content\/uploads\/2025\/11\/18600105FinckhAugust_1.pdf\">Mangalur, den 5. Januar 1860<\/a> - Bericht von August Finckh \u00fcber die Hochzeit in Mercara<\/li>\n<li>NEU: <a href=\"https:\/\/www.johannes-rebmann-stiftung.de\/cms\/wp-content\/uploads\/2024\/11\/C01_034Mangalur18640531_Finckh_39.pdf\">Mangalur, den 31. Mai 1864<\/a> - August Finckh, Missionsbericht<\/li>\n<li>NEU: <a href=\"https:\/\/www.johannes-rebmann-stiftung.de\/cms\/wp-content\/uploads\/2024\/11\/1865-02-18-Triest.pdf\">Triest, den 18. Februar 1865<\/a> - Pfarrer Buschbeck \u00fcber Tod von A. Finckh<\/li>\n<li>NEU: <a href=\"https:\/\/www.johannes-rebmann-stiftung.de\/cms\/wp-content\/uploads\/2024\/11\/18650601LouiseFinckh_HeimreiseVonMangalore.pdf\">Heslach, den 1. Juni 1865<\/a><\/li>\n<li><a href=\"https:\/\/www.johannes-rebmann-stiftung.de\/cms\/wp-content\/uploads\/2017\/03\/1865-08-08.pdf\">Untert\u00fcrkheim, den 8. August 1865<\/a><\/li>\n<li><a href=\"https:\/\/www.johannes-rebmann-stiftung.de\/cms\/wp-content\/uploads\/2017\/03\/1866-07-16.pdf\">Heslach, den 16. Juli 1866<\/a><\/li>\n<li><a href=\"https:\/\/www.johannes-rebmann-stiftung.de\/cms\/wp-content\/uploads\/2017\/03\/1873-03-15.pdf\">Kornthal, den 15. M\u00e4rz 1873<\/a><\/li>\n<li><a href=\"https:\/\/www.johannes-rebmann-stiftung.de\/cms\/wp-content\/uploads\/2017\/03\/1875-06-10.pdf\">Kornthal den 10. Juni 1875<\/a><\/li>\n<li><a href=\"https:\/\/www.johannes-rebmann-stiftung.de\/cms\/wp-content\/uploads\/2017\/03\/1876-03-06.pdf\">Kornthal, den 6. M\u00e4rz 1876<\/a><\/li>\n<li>NEU: <a href=\"https:\/\/www.johannes-rebmann-stiftung.de\/cms\/wp-content\/uploads\/2024\/11\/19131114Ensinger_Basel.pdf\">Basel, 14. November 1913<\/a> - Hans Ensinger \u00fcber Louise Rebmann<\/li>\n<li>NEU: <a href=\"https:\/\/www.johannes-rebmann-stiftung.de\/cms\/wp-content\/uploads\/2024\/11\/19270901Missionsverwaltung.pdf\">Basel, 1. September 1927<\/a> - Missionssekretariat zu Selma Finckh<\/li>\n<li>NEU: <a href=\"https:\/\/www.johannes-rebmann-stiftung.de\/cms\/wp-content\/uploads\/2024\/11\/19280613FinckhBernhard_Stuttgart.pdf\">Stuttgart, den 13. Juni 1928<\/a> - Bernhard Finckh zum Tod von Selma Finckh<\/li>\n<li>NEU: <a href=\"https:\/\/www.johannes-rebmann-stiftung.de\/cms\/wp-content\/uploads\/2024\/11\/Familienregister.pdf\">Familienregister<\/a><\/li>\n<\/ul>\n<p>\u00dcber das weitere Leben von Luise Friederike ist bis auf die Briefe wenig bekannt bis zu dem Tag im Jahre 1876, an dem sie die Frau des schwerkrank heimgekehrten Missionars <a href=\"https:\/\/www.johannes-rebmann-stiftung.de\/cms\/gerlinger-missionare\/johannes-rebmann\/rebmann-johannes-leben-und-werk\/\"> Johannes Rebmann<\/a> wird. Nach dem Tod von Johannes Rebmann kehrt sie kurzzeitig von Oktober 1879 bis Juli 1880 nach Sindelfingen zur\u00fcck, wo sie geboren wurde. 1895 verlie\u00df sie Korntal endg\u00fcltig und zog nach Gnadenfrei in Schlesien. 1914 stirbt Luise Friederike im Alter von 79 Jahren in Korntal.<\/p>\n","protected":false},"excerpt":{"rendered":"<p>&nbsp; &nbsp; &nbsp; &nbsp; &nbsp; &nbsp; &nbsp; &nbsp; &nbsp; &nbsp; Luise Friederike D\u00e4uble wird 1835 als j\u00fcngste Tochter von Jakob D\u00e4uble und seiner Frau Luise in Sindelfingen geboren. Familie D\u00e4uble <a href=\"https:\/\/www.johannes-rebmann-stiftung.de\/cms\/missionare-aus-gerlingen\/erste-missionare\/luise_friederike_daeuble\/\" class=\"more-link\">...weiterlesen<span class=\"screen-reader-text\"> \"D\u00e4uble, Luise Friederike\"<\/span><\/a><\/p>\n","protected":false},"author":1,"featured_media":0,"parent":913,"menu_order":0,"comment_status":"closed","ping_status":"closed","template":"","meta":{"ngg_post_thumbnail":0,"footnotes":""},"class_list":["post-220","page","type-page","status-publish","h-entry","hentry","h-as-page"],"_links":{"self":[{"href":"https:\/\/www.johannes-rebmann-stiftung.de\/cms\/wp-json\/wp\/v2\/pages\/220","targetHints":{"allow":["GET"]}}],"collection":[{"href":"https:\/\/www.johannes-rebmann-stiftung.de\/cms\/wp-json\/wp\/v2\/pages"}],"about":[{"href":"https:\/\/www.johannes-rebmann-stiftung.de\/cms\/wp-json\/wp\/v2\/types\/page"}],"author":[{"embeddable":true,"href":"https:\/\/www.johannes-rebmann-stiftung.de\/cms\/wp-json\/wp\/v2\/users\/1"}],"replies":[{"embeddable":true,"href":"https:\/\/www.johannes-rebmann-stiftung.de\/cms\/wp-json\/wp\/v2\/comments?post=220"}],"version-history":[{"count":30,"href":"https:\/\/www.johannes-rebmann-stiftung.de\/cms\/wp-json\/wp\/v2\/pages\/220\/revisions"}],"predecessor-version":[{"id":3286,"href":"https:\/\/www.johannes-rebmann-stiftung.de\/cms\/wp-json\/wp\/v2\/pages\/220\/revisions\/3286"}],"up":[{"embeddable":true,"href":"https:\/\/www.johannes-rebmann-stiftung.de\/cms\/wp-json\/wp\/v2\/pages\/913"}],"wp:attachment":[{"href":"https:\/\/www.johannes-rebmann-stiftung.de\/cms\/wp-json\/wp\/v2\/media?parent=220"}],"curies":[{"name":"wp","href":"https:\/\/api.w.org\/{rel}","templated":true}]}}