{"id":1424,"date":"2018-01-17T09:31:34","date_gmt":"2018-01-17T08:31:34","guid":{"rendered":"https:\/\/www.johannes-rebmann-stiftung.de\/cms\/?page_id=1424"},"modified":"2022-03-31T08:52:16","modified_gmt":"2022-03-31T06:52:16","slug":"buecher-veroeffentlichungen","status":"publish","type":"page","link":"https:\/\/www.johannes-rebmann-stiftung.de\/cms\/publikationen\/buecher-veroeffentlichungen\/","title":{"rendered":"Brosch\u00fcren"},"content":{"rendered":"<p>Folgende Publikationen k\u00f6nnen Sie \u00fcber die Gesch\u00e4ftsstelle der Johannes-Rebmann-Stiftung erwerben:<\/p>\n<p>&nbsp;<\/p>\n<p><img loading=\"lazy\" decoding=\"async\" class=\"size-full wp-image-942 alignleft\" src=\"https:\/\/www.johannes-rebmann-stiftung.de\/cms\/wp-content\/uploads\/2016\/07\/didaktik.jpg\" alt=\"\" width=\"106\" height=\"150\"><\/p>\n<p><strong>Didaktiktafeln<\/strong><br \/>\n<strong> Johannes-Rebmann-Haus Gerlingen - Missionarsstube<\/strong><br \/>\n(Herausgeber Johannes-Rebmann-Stiftung Gerlingen)<br \/>\nInformationen \u00fcber die Stiftung, Gerlingen und die Missionare <a href=\"https:\/\/www.johannes-rebmann-stiftung.de\/de\/didaktiktafel_d.pdf\" target=\"haupt\" rel=\"noopener noreferrer\">Download hier<\/a> (2 MB).&nbsp;<br \/>\nGedruckte Exemplare: 3 Euro f\u00fcr Materialkosten<\/p>\n<p>&nbsp;<\/p>\n<p><strong> <img loading=\"lazy\" decoding=\"async\" class=\"size-full wp-image-943 alignleft\" src=\"https:\/\/www.johannes-rebmann-stiftung.de\/cms\/wp-content\/uploads\/2016\/07\/heimat.jpg\" alt=\"\" width=\"106\" height=\"150\">Gerlinger Heimatbl\u00e4tter: Gerlinger Missionare<\/strong><br \/>\n(Herausgeber Verein f\u00fcr Heimatpflege Gerlingen)<br \/>\nUnterhaltsame Details \u00fcber das bewegte Leben<br \/>\nvon Johannes Rebmann und das der \u00fcbrigen<br \/>\nMissionare und Missonarsfrauen<br \/>\nMaterialkosten: 5 Euro<\/p>\n<p>&nbsp;<\/p>\n<p><strong> <img loading=\"lazy\" decoding=\"async\" class=\"size-full wp-image-941 alignleft\" src=\"https:\/\/www.johannes-rebmann-stiftung.de\/cms\/wp-content\/uploads\/2016\/07\/broschuere.jpg\" alt=\"\" width=\"106\" height=\"150\">Brosch\u00fcre zur Er\u00f6ffnung des Rebmann-Hauses<\/strong><br \/>\n(Herausgeber Johannes-Rebmann-Stiftung-Gerlingen)<br \/>\nDas Rebmann-Haus und seine Geschichte,<br \/>\nJohannes Rebmann und die Stiftung&nbsp;<br \/>\nMaterialkosten: 3 Euro<\/p>\n<p>&nbsp;<\/p>\n<p><strong> <img loading=\"lazy\" decoding=\"async\" class=\"size-full wp-image-940 alignleft\" src=\"https:\/\/www.johannes-rebmann-stiftung.de\/cms\/wp-content\/uploads\/2016\/07\/ortsgeschichte_zimmermann.jpg\" alt=\"\" width=\"106\" height=\"150\">Johannes Zimmermann - Ver\u00f6ffentlichungen \u00fcber den Gerlinger Missionar<\/strong><br \/>\n(Herausgeber Stadtarchiv Gerlingen)<br \/>\nBeitr\u00e4ge zur Ortsgeschichte Nr. 1&nbsp;<br \/>\nMaterialkosten: 3 Euro&nbsp;&nbsp;<\/p>\n<p>&nbsp;<\/p>\n<div>\n<div><strong><img loading=\"lazy\" decoding=\"async\" class=\" wp-image-939 alignleft\" src=\"https:\/\/www.johannes-rebmann-stiftung.de\/cms\/wp-content\/uploads\/2016\/07\/ortsgeschichte_rebmann.jpg\" alt=\"\" width=\"105\" height=\"149\"><\/strong><strong>Johannes Rebmann - Ver\u00f6ffentlichungen \u00fcber den Gerlinger Missionar<\/strong><br \/>\n(Herausgeber Stadtarchiv Gerlingen)<br \/>\nBeitr\u00e4ge zur Ortsgeschichte Nr. 2&nbsp;Materialkosten: 3 Euro&nbsp;&nbsp;<\/div>\n<\/div>\n<div>&nbsp;<\/div>\n<p>&nbsp;<\/p>\n<div>\n<div><strong><img loading=\"lazy\" decoding=\"async\" class=\"wp-image-2790 alignleft\" src=\"https:\/\/www.johannes-rebmann-stiftung.de\/cms\/wp-content\/uploads\/2021\/03\/2021-Korntal_Manuskript.jpg\" alt=\"\" width=\"105\" height=\"151\" srcset=\"https:\/\/www.johannes-rebmann-stiftung.de\/cms\/wp-content\/uploads\/2021\/03\/2021-Korntal_Manuskript.jpg 405w, https:\/\/www.johannes-rebmann-stiftung.de\/cms\/wp-content\/uploads\/2021\/03\/2021-Korntal_Manuskript-208x300.jpg 208w\" sizes=\"auto, (max-width: 105px) 100vw, 105px\" \/>Korntal und die Basler Mission - Ver\u00f6ffentlichungen \u00fcber den Gerlinger Missionar Johannes Rebmann und andere Missionare<\/strong><br \/>\n(Herausgeber J\u00fcrgen Quack)<\/div>\n<\/div>\n<div>Erh\u00e4ltlich beim Stadtarchiv, der Stiftung oder als <a href=\"http:\/\/hdl.handle.net\/10900\/113698\" target=\"_blank\" rel=\"noopener\">Download<\/a><\/div>\n<div>&nbsp;<\/div>\n<div>&nbsp;<\/div>\n<div>\n<div><strong><img loading=\"lazy\" decoding=\"async\" class=\"wp-image-2791 alignleft\" src=\"https:\/\/www.johannes-rebmann-stiftung.de\/cms\/wp-content\/uploads\/2021\/03\/2021_Hempel_BA_Zimmermann.jpg\" alt=\"\" width=\"105\" height=\"145\" srcset=\"https:\/\/www.johannes-rebmann-stiftung.de\/cms\/wp-content\/uploads\/2021\/03\/2021_Hempel_BA_Zimmermann.jpg 571w, https:\/\/www.johannes-rebmann-stiftung.de\/cms\/wp-content\/uploads\/2021\/03\/2021_Hempel_BA_Zimmermann-217x300.jpg 217w\" sizes=\"auto, (max-width: 105px) 100vw, 105px\" \/>Verm\u00e4hlung mit Afrika - Der Gerlinger Missionar Johannes-Zimmermann (1825-1876) - Br\u00fcckenbauer oder Rebell? <\/strong><br \/>\n(Herausgeber Anika Hempel)<br \/>\nErh\u00e4ltlich beim Stadtarchiv oder der Johannes-Rebmann-Stiftung<\/div>\n<\/div>\n<div>&nbsp;<\/div>\n<p>&nbsp;<\/p>\n","protected":false},"excerpt":{"rendered":"<p>Folgende Publikationen k\u00f6nnen Sie \u00fcber die Gesch\u00e4ftsstelle der Johannes-Rebmann-Stiftung erwerben: &nbsp; Didaktiktafeln Johannes-Rebmann-Haus Gerlingen - Missionarsstube (Herausgeber Johannes-Rebmann-Stiftung Gerlingen) Informationen \u00fcber die Stiftung, Gerlingen und die Missionare Download hier (2 <a href=\"https:\/\/www.johannes-rebmann-stiftung.de\/cms\/publikationen\/buecher-veroeffentlichungen\/\" class=\"more-link\">...weiterlesen<span class=\"screen-reader-text\"> \"Brosch\u00fcren\"<\/span><\/a><\/p>\n","protected":false},"author":1,"featured_media":0,"parent":17,"menu_order":0,"comment_status":"closed","ping_status":"closed","template":"","meta":{"ngg_post_thumbnail":0,"footnotes":""},"class_list":["post-1424","page","type-page","status-publish","h-entry","hentry","h-as-page"],"_links":{"self":[{"href":"https:\/\/www.johannes-rebmann-stiftung.de\/cms\/wp-json\/wp\/v2\/pages\/1424","targetHints":{"allow":["GET"]}}],"collection":[{"href":"https:\/\/www.johannes-rebmann-stiftung.de\/cms\/wp-json\/wp\/v2\/pages"}],"about":[{"href":"https:\/\/www.johannes-rebmann-stiftung.de\/cms\/wp-json\/wp\/v2\/types\/page"}],"author":[{"embeddable":true,"href":"https:\/\/www.johannes-rebmann-stiftung.de\/cms\/wp-json\/wp\/v2\/users\/1"}],"replies":[{"embeddable":true,"href":"https:\/\/www.johannes-rebmann-stiftung.de\/cms\/wp-json\/wp\/v2\/comments?post=1424"}],"version-history":[{"count":8,"href":"https:\/\/www.johannes-rebmann-stiftung.de\/cms\/wp-json\/wp\/v2\/pages\/1424\/revisions"}],"predecessor-version":[{"id":2925,"href":"https:\/\/www.johannes-rebmann-stiftung.de\/cms\/wp-json\/wp\/v2\/pages\/1424\/revisions\/2925"}],"up":[{"embeddable":true,"href":"https:\/\/www.johannes-rebmann-stiftung.de\/cms\/wp-json\/wp\/v2\/pages\/17"}],"wp:attachment":[{"href":"https:\/\/www.johannes-rebmann-stiftung.de\/cms\/wp-json\/wp\/v2\/media?parent=1424"}],"curies":[{"name":"wp","href":"https:\/\/api.w.org\/{rel}","templated":true}]}}